4*u + 2. Suppose 2*r = 3 + 1. Let n(o) = 1 - o + r*o - u. Give n(1).
0
Let v(u) = 4*u + 15 + 2*u - 7*u. What is v(0)?
15
Let s(g) = -8*g - 9 - 6*g**2 + 7*g**2 - 3. Give s(9).
-3
Suppose z = q - 3*z + 1, -11 = -4*q + z. Let s(h) be the second derivative of h**2 + 1/6*h**q + h + 0. What is s(-3)?
-1
Let n(w) = -8*w - 6*w**2 + 2*w + w + 0*w**2 + 3 - w**3. Let u(h) = -11 + 2 + 0*h - h. Let c be u(-4). Determine n(c).
3
Let b(l) = -6*l**3 + 7*l**2 - 7. Let u(h) = 7*h**3 - 8*h**2 + 8. Let j(o) = 6*b(o) + 5*u(o). Let d = -3 + 5. Let f be d*1/1 - 0. Give j(f).
-2
Let k(t) = -t**3 + 5*t**2 - 5*t. Let a be k(4). Let d(j) = j**2 + j + 4. Give d(a).
16
Let h(u) be the third derivative of 6*u**2 - 1/6*u**3 + 0 - 1/12*u**4 + 0*u. Determine h(1).
-3
Suppose 5*p + 4 = 2*q, 0 = -3*q + 5*p + 6 - 0. Suppose q = r - 0. Let c(t) = t - 3*t**r + 2*t**2 - 7 - 6*t. Determine c(-5).
-7
Let h(n) = -5*n**2 - 2*n + 2. Let v(d) = -d**2 - d + 1. Let s(x) = h(x) - v(x). Calculate s(-2).
-13
Let p(j) = -5*j**2 + 2*j + 1. Let g(k) = -2*k + 9. Let z be g(5). Give p(z).
-6
Let a(i) = -3*i**3 - 8*i**2 + 1. Let o(n) = n**2 - 8*n + 2. Let y be o(7). Let v(u) = -4*u**3 - 9*u**2 - u + 2. Let l(q) = y*a(q) + 4*v(q). Calculate l(3).
0
Let z(a) = a**3 + 6*a**2 + 2*a + 6. Suppose 2*d = -t - 4, 3*d + 4*t = -4 - 12. Suppose n - 5*n = -24. Let g = d - n. Determine z(g).
-6
Let z = 18 - 15. Let f(t) be the first derivative of -1 - z*t + 1/3*t**3 + 0*t**2. What is f(0)?
-3
Suppose -4*y + 12 = 0, -3*y = -3*j - 6*y + 21. Let a be (j - 4)*(-1)/(-1). Let x(i) = 8 - 9 + a - 3*i. What is x(1)?
-4
Let k(x) = -x**2 - 4*x - 1. Let r(b) = -b**3 - 15*b**2 + b + 13. Let s be r(-15). Calculate k(s).
3
Let z(k) = -3*k + 1. Let w(t) = -t**3 - 20*t**2 + 22*t + 20. Let y be w(-21). Calculate z(y).
4
Let k(j) = 6*j. Let p(m) = -m**3 + 6*m + 5. Let o be p(-2). Calculate k(o).
6
Let v(x) = -x**2 + 5*x + 8. Let n(i) = i**2 + 3*i + 2. Suppose -4*w - 2 = g + 11, 0 = -w + g - 7. Let j be n(w). Give v(j).
2
Let u(t) = 3*t + 7. Let l be (50/15)/((-4)/6). What is u(l)?
-8
Let g(l) = -l**2 - 3*l + 3. Suppose 3*v = -3*u + 5*u - 73, 2*v - 2*u = -52. Let j = v - -31. Let p = 5 - j. Determine g(p).
-7
Suppose -i = -3*s + 18, 5*s - 4*i - 48 + 11 = 0. Let b(m) = 3*m - 4. Give b(s).
11
Let b(o) be the third derivative of 11*o**4/6 - 13*o**3/3 + 3*o**2. Let k(l) = -5*l + 3. Let v(c) = 6*b(c) + 52*k(c). Give v(-1).
-4
Let o(t) = t**3 - 3*t**2 + 3*t - 3. Let b = -26 + 29. Calculate o(b).
6
Let f(p) = -3*p**2 - 3 - 7*p - p**3 + 0 - 2*p + 4*p. Calculate f(-3).
12
Let k = 24 + -24. Let m(s) = 3 - 1 + 5*s + k*s - 1. Determine m(3).
16
Let v(m) be the second derivative of m**6/120 + m**5/15 + m**4/12 - m**3/6 + m**2/2 - 2*m. Let t(r) be the first derivative of v(r). Determine t(-2).
3
Let o(w) = -2*w - 6 + 32*w + 3*w + 2. Let f(b) = 0 + 3 - 4 + 8*b. Let m(d) = -9*f(d) + 2*o(d). Calculate m(1).
-5
Suppose -5*c + 1 + 14 = 0. Suppose 4*q - 4*r - 24 = 0, q + 2*r - 10 = 5*r. Let j(y) = -q - 2*y + 4 + y. Calculate j(c).
-3
Let m(z) = -z - 2. Let d(h) = 2*h**3 - 2*h**2 + 5*h + 7. Let u(s) = -s**3 + 3*s**2 - 4*s - 6. Let q(v) = -2*d(v) - 3*u(v). Let g be q(-5). Give m(g).
4
Let m(g) = 4*g**2 + 5*g**2 - 2*g**2 + 2 - 1. Give m(-1).
8
Let r(c) = -c + 6. Let t be r(3). Suppose 0*y + 9 = 3*y. Let f(u) = 2*u + 3 + 1 - y*u. Calculate f(t).
1
Let c(i) be the second derivative of -7*i**6/360 - i**3/3 - i. Let l(t) be the second derivative of c(t). Give l(-1).
-7
Suppose 4*p + 3 = -13. Let k(s) = -5*s**3 - 2*s**2 + 2*s - 1. Let z(j) = 6*j**3 + 2*j**2 - 2*j + 1. Let r(f) = p*z(f) - 5*k(f). Let y = 5 - 4. Determine r(y).
2
Let n(l) = 3*l - 7. Let u be n(4). Let r(c) = 8*c**2 + 9*c + u*c**2 + 10 - 12*c**2. Give r(-7).
-4
Let t(c) = 8*c**2 - 8*c**2 - c**2 + c + 4. Calculate t(3).
-2
Let g(n) be the first derivative of 3*n**3 + n**2/2 + 3. Let m(q) = -q**3 - 3*q**2 + 5*q + 5. Let h be m(-4). Calculate g(h).
10
Let y(v) = -v**3 + 8*v**2 + 9*v + 3. Let z be y(9). Let f(m) = 0*m**3 - m**z - 7*m + 3*m + 5*m**2 - 4. Let p be 12*2/24*4. Calculate f(p).
-4
Suppose 3*x + 5*b = x + 23, -4*b + 19 = x. Let i(t) = -9*t. Let v(a) = a. Let p(w) = -6*i(w) - 51*v(w). What is p(x)?
-3
Let x(v) = -5 + 8*v**2 - 6*v**2 - v**2 + 7*v. Calculate x(-7).
-5
Let n be ((-7)/(7/6))/1. Let d(m) = -6 - 4*m**2 - 7*m + 3*m**2 - 1 + 4. Determine d(n).
3
Let q(i) = i**3 - 5*i**2 + 3*i - 3. Suppose -4*z + 2*a = a - 22, 2*z = -5*a. Suppose 2*j + 0 - 4 = 2*l, j = -z*l + 20. What is q(j)?
12
Let a = -15 + 11. Let d be 2/8 + 9/a. Let p(r) = r**2 - r - 1. Let g be p(d). Let j(f) = f**2 - 4*f - 6. Determine j(g).
-1
Let b = -15 - -17. Let m(g) = -2 - g + b + 2*g + 3. What is m(-3)?
0
Let l be (-403)/(-143) + 4/22. Let b(a) = a**3 - 3*a**2 + 5*a - 4. What is b(l)?
11
Let f(q) = q**3 + 10*q**2 + 8*q - 12. Let v be f(-9). Let x be ((-2)/v)/(2/(-3)). Let y(z) = -2*z + 1. Determine y(x).
3
Let i(n) = -2*n + 3. Let d(h) be the third derivative of -h**4/12 + 3*h**3/2 + 4*h**2. Let q be d(7). Determine i(q).
13
Let n(q) = -q**3 - 2*q - 2*q - 4*q**2 - 6 + 2*q. Let k(g) = -4*g - 1. Let a be k(-5). Suppose 0 = 3*x + x - 3*f + a, 5*x + 4*f + 16 = 0. Calculate n(x).
2
Let m be (0 + 2/4)*2. Let z = -6 + 13. Let i(r) = -3*r**2 - r**2 - 2*r + 1 + z*r**2. What is i(m)?
2
Let o(m) = m + 10. Let x be o(-7). Suppose f = -x*f. Let q(b) = -b**2 - b - 7. What is q(f)?
-7
Let x(t) be the second derivative of t**5/10 + t**4/3 + t**3/2 + t**2/2 + 5*t. Give x(-2).
-5
Let x(a) be the first derivative of -a**4/4 - 5*a**3/3 - a**2 - 3*a - 9. Let s(b) = -4*b + 3. Let f be s(2). Determine x(f).
7
Let w be ((-4)/6)/(1/6). Let y be (-4)/(-6) + (-8)/(-6). Let s(v) = -4 + 1 + y*v - v**2 - 2*v - 6*v. What is s(w)?
5
Suppose -5*u + 18 = -5*m - 8*u, 5*m - 4*u + 11 = 0. Let c(j) = j**2 - 3. Give c(m).
6
Let h be (-4)/(1 - (-21)/(-9)). Let b(d) be the second derivative of -d**4/12 + 5*d**3/6 - d**2 - 5*d. Determine b(h).
4
Suppose -21 = 3*n - 6. Let p(i) be the third derivative of i**7/5040 - i**6/360 + i**5/15 + i**2. Let b(k) be the third derivative of p(k). What is b(n)?
-7
Let a be (-8)/((1 + 2)/(-3)). Let u be (-1)/6 + 26/12. Let m(b) = -5*b + u*b + 1 + b - a*b**2. Calculate m(1).
-9
Let d(g) = -2*g**2 - 3*g + 1. Suppose 0 = 2*f + 8, -3*t + 5 = 2*t - 5*f. Determine d(t).
-8
Let r(c) be the third derivative of c**6/24 + c**5/60 + 7*c**2. What is r(-1)?
-4
Let v(q) be the first derivative of -q**7/140 + q**6/360 - q**3/3 + 1. Let w(i) be the third derivative of v(i). Let p = 18 + -17. Determine w(p).
-5
Let u(r) = 14*r**3 - r. Let z be (-3 + 4)*(-7 + 8). Determine u(z).
13
Let d(g) = -3*g**2 + 2*g + 2. Suppose -4*y - 8 = -s - 2*y, y + 1 = 2*s. Give d(s).
-14
Let h = 2 - 1. Let r(b) = b**2 + 3*b**2 + 2 + 8 - 11. What is r(h)?
3
Suppose -k + 5*z + 11 = 0, -2*z - 16 + 2 = -2*k. Let y(b) = k*b - 6*b + 2*b. Let q(n) = -n**2 - 3*n + 6. Let d be q(-5). What is y(d)?
-8
Let b(l) = l**2 - 5*l. Let v be b(5). Let f(q) = q**3 + 2 + 4 + 3*q**2 - 2*q**2 - 4. What is f(v)?
2
Suppose -6*f + 3*f = 0. Let j = f - -2. Let u(z) = -3*z**2 + 3*z - 5. Let v(n) = -12*n**2 + 12*n - 21. Let r(l) = -9*u(l) + 2*v(l). Calculate r(j).
9
Let j(i) = i - 1. Let x = -15 - -15. Calculate j(x).
-1
Let u be ((-10)/4)/(4/(-24)). Let t = u - 15. Let z(g) = g**2 + g + 1. Give z(t).
1
Let a(p) be the first derivative of p**4/4 - 4*p**3/3 + 5*p - 4. Suppose q = 6*q - 4*t - 20, 4*t - 12 = -3*q. Determine a(q).
5
Let j = 14 - 19. Let l(v) = v**2. Let n(g) = -g**2 + g. Let c(s) = j*l(s) + n(s). What is c(1)?
-5
Let i(f) = 3*f + 15. Let q be 22/(-3) - -1 - 128/192. What is i(q)?
-6
Let m(z) be the second derivative of z**4/12 - 7*z**3/6 + 3*z**2/2 + z. What is m(6)?
-3
Suppose 73*i - 82*i - 9 = 0. Let u(p) be the second derivative of -p**5/20 - p**4/6 + p**2/2 - p. Calculate u(i).
0
Let s(r) = 0*r + 5*r**2 - r**3 + 4*r + 3*r - 7. Determine s(6).
-1
Let g(l) = 4*l**3 - 2*l**2 - 5*l + 5. Let b(n) = -5*n**3 + n**2 + 5*n - 6. Let y(d) = -5*b(d) - 6*g(d). Give y(-6).
6
Let t(j) = -j**3 + 5*j**2 - 2*j - 2. Let z be t(4). Let r = 8 - z. Let f(c) = 5*c - 11. Let w(n) = 2*n - 6. Let x(g) = 3*f(g) - 5*w(g). Calculate x(r).
7
Let y be -4 - -3*(-3)/9. Let g(u) = u**2 - u. Let m(k) = -4*k**2 + 7. Let j(b) = -3*g(b) - m(b). What is j(y)?
3
Let o(w) = -w - 1 + 2*w - 13*w + 8*w. Determine 